s -4 - (7 - 13 - -3)?
-1
What is the value of (12 - 13) + (-1 - -10)?
8
What is -2 + -1 + 2 + -3 - 0?
-4
Evaluate -4 - -9 - (3 + -8 + 3).
7
Calculate -8 + (5 - 1 - 3 - -3).
-4
Evaluate -18 + 11 + 9 - -5.
7
Calculate (4 + -4 - (1 + 4)) + 3.
-2
-5 + 1 + 5 + 4 + -8
-3
What is -5 + 14 + -4 - (3 + -6)?
8
What is the value of (58 - 47) + -1 + -4?
6
What is the value of -10 + 3 - (4 + -8)?
-3
(-1 - (-2 + 4)) + (0 - 1)
-4
(0 + -1 - -7) + -29 + 27
4
What is the value of (0 - (-1 - -5)) + 9?
5
What is the value of -3 + (2 - 4) - (-2 + 2)?
-5
Evaluate 2 + (-4 - (-7 + 7)).
-2
Calculate -3 + -1 + 2 + 5 - 6.
-3
What is -1 - (1 - -2) - (-2 - -1)?
-3
Evaluate -5 + -1 - (-86 + 81).
-1
(2 - -2) + (0 - 8) - 1
-5
Evaluate 5 + (-8 - (0 - -2)).
-5
What is the value of 1 - (-5 - (-3 + -4 + 2))?
1
Evaluate 1 + (9 + 0 - 5).
5
What is the value of 42 - 47 - (1 - 10)?
4
What is (3 + -7 - 1) + 9?
4
-12 - -3 - (-16 - -8)
-1
What is -2 - -1 - -3 - 6?
-4
What is the value of (2 - 1) + (1 - (1 + 1))?
0
(0 - (-2 + -1)) + (-7 - -3)
-1
-14 - -5 - -9 - (-3 - 3)
6
Calculate -10 + -1 - (127 - 131).
-7
9 + -3 + (10 - 11)
5
5 + -4 + -5 + 2
-2
Calculate 7 + -3 - (3 + 2).
-1
What is 3 - (4 + -1) - -4?
4
Evaluate -5 + (-8 - (0 - 17)).
4
Evaluate -3 - (-2 + 2 + -6).
3
Calculate 22 + -18 + 0 + -8.
-4
What is the value of -2 + (-12 - -4 - -7)?
-3
Evaluate (-2 - (1 - 0)) + 3 + -4.
-4
Calculate -1 + 1 + -4 + -21 + 21.
-4
What is the value of 1 - -1 - 0 - (3 + -3)?
2
11 + -3 + 0 + 1
9
What is the value of 5 + -9 - (6 - 21) - 5?
6
0 + 4 + -26 + 20
-2
Evaluate 7 - ((12 - 5) + -2) - -2.
4
Calculate (6 - 4 - 2) + 4.
4
What is the value of (-2 - (-4 + 2)) + 3?
3
Evaluate 5 - (-1 - -2) - (2 - -3).
-1
Calculate 19 + -8 - (0 + 6).
5
What is -3 - (-5 + 11 - 7)?
-2
What is 8 - (-4 + 5 + 3 + 1)?
3
(0 - (1 - 4)) + 1 + 0
4
What is 1 + 4 + (12 - 14)?
3
What is -18 + 10 + 0 + 5?
-3
1 - 0 - -2 - 4 - -1
0
What is -1 - (-2 - -6 - (0 - -4))?
-1
What is the value of 4 - 6 - (0 - (-4 - -7))?
1
What is -5 - 0 - (-2 + -8 + 10)?
-5
-12 - -13 - (0 - -2)
-1
What is (4 - -1 - 7) + 0?
-2
Calculate 0 + -3 + (-10 - (-31 - -13)).
5
(-23 - -13) + 9 - (-1 - -6)
-6
What is the value of (12 - 8) + -2 + 0 + 1?
3
Calculate (-9 - -22) + (-13 - 1).
-1
What is (-2 - (-3 + 2)) + 0?
-1
Evaluate 2 - (4 - (6 - 3) - 2).
3
What is the value of 2 - (-1 - (-15 + 5))?
-7
What is the value of -3 + -2 + 1 - -10?
6
2 - (-1 + 1) - (-7 + 11)
-2
Evaluate -9 - -9 - (4 + 0).
-4
Calculate 3 - ((0 - (0 - -1)) + 7).
-3
(-10 - (2 - 23)) + -15
-4
(-103 - -108) + (2 - (0 - -7))
0
(-5 - 1) + (33 - 29)
-2
What is 6 - (-1 - -2 - (-9 + 8))?
4
4 - (-8 + (1 - -8))
3
What is -2 + (2 - -1) + -13 + 7?
-5
-1 - 2 - (-10 + 15 - 5)
-3
What is the value of 4 + (2 - (-1 - -6))?
1
What is the value of (-16 - -6) + -4 + 10?
-4
Calculate 3 - (-1 + -5) - 12.
-3
Calculate -1 - -1 - (1 - 0).
-1
Calculate 240 + -228 + (-9 - 1).
2
0 + (-2 - -1) - (-36 - -31)
4
What is -2 + 4 + 0 + -5 + -2?
-5
-10 - (4 + 4 - 23)
5
-23 + 16 + (0 - 1) + 5
-3
What is -3 - (-5 - -2 - -6)?
-6
What is the value of (4 - 0) + -21 + 16?
-1
What is 8 + (-13 - -7 - -3 - -3)?
8
Calculate (-2 - 4) + (2 - -1).
-3
Evaluate -2 + 6 + -9 + -1.
-6
What is -9 + (-1 - 3) + -3 - -6?
-10
Evaluate 10 + -17 - (-8 - 6).
7
What is the value of -5 - (-3 + 2 - (5 - 9))?
-8
3 + 0 + -2 + 2
3
2 + 1 + -4 + 2
1
What is -21 + 18 - (-1 - -2 - -2)?
-6
What is (9 - 15) + 1 + 10?
5
What is the value of 5 + (2 - (-1 + 3 + 3))?
2
Calculate -4 - (0 + -4) - 3.
-3
What is -2 + -4 + 8 - 7?
-5
What is (-4 - -12 - 2 - -2) + -4?
4
Calculate 3 + (-9 + (0 - -3) - 1).
-4
10 + (-3 - (0 + 10))
-3
-2 + 1 + 18 - 11
6
Evaluate 8 + -3 + -3 + -3 + 1.
0
What is 5 - (11 + -10) - -7?
11
Calculate (19 - 25) + (-2 - -10) + 5.
7
What is the value of 3 + 1 + -10 + -2 + 1?
-7
Evaluate (-7 + 6 - 9) + (-2 - -4).
-8
Calculate (-26 - -30) + (2 - 11).
-5
What is the value of (1 - 0) + 18 + -13 - 0?
6
Calculate 5 + 2 - 6 - -7 - 1.
7
What is 1 - (-5 - (3 - 12 - -4))?
1
Evaluate 8 - (8 - 10 - -13).
-3
What is 3 + -2 + -2 - (-94 + 89)?
4
What is 0 + (3 - (1 + -1) - 8)?
-5
Calculate (-5 - (-18 - 1)) + -25.
-11
9 + -15 - (2 - 8)
0
31 - 25 - (-1 + 8)
-1
Evaluate (1 - (19 + -8)) + (4 - 2).
-8
What is the value of -2 - (-5 - (-1 - 7))?
-5
Calculate 2 - (-9 + 9 + -3).
5
-29 - -28 - (0 + -2 - -5)
-4
Evaluate -5 - 4 - (9 - 12).
-6
What is (1 - 1) + 0 - (5 - 9)?
4
(-5 + 3 - -2) + 5
5
Evaluate 0 - (-13 - -16 - (2 - 1)).
-2
What is the value of 6 + -4 + -2 + -5 + 9?
4
Calculate (2 - 10) + 7 + 3.
2
-9 - (-23 + 17 + (2 - 1))
-4
Evaluate -10 + 3 - (-22 - -16).
-1
What is the value of -1 - -4 - (-5 + (2 - -3))?
3
0 + -5 - -1 - -11
7
(-2 + 1 - -8) + (-43 - -40)
4
What is -4 + (1 - -6) - -1?
4
Calculate (12 - (-8 + 8)) + -8.
4
11 - (18 + -7 - 5)
5
Calculate 1 - -1 - (-17 + -1 - -10).
10
Evaluate (1 - -2) + -45 + 42.
0
What is the value of -47 - -51 - (1 - -9)?
-6
What is 4 + -3 + 5 - (4 - -6)?
-4
Evaluate -3 + 2 + -1 + 1 + 2.
1
Evaluate 2 + (-6 - 0 - -10).
6
2 + -6 + 1 - (1 + -2)
-2
What is 2 - -1 - (0 + 5) - -4?
2
What is the value of -1 + -3 + 2 + -1 - -2?
-1
Calculate -1 - 0 - (-4 - 0).
3
What is 7 - (13 + -1 + -8)?
3
Calculate -6 + (2 - (-5 - -5)).
-4
What is the value of 1 - ((-8 - 0) + 14)?
-5
-6 + 10 - (0 + 1)
3
Evaluate 1 - 4 - (0 + -5).
2
Calculate 2 - (12 - 7 - 2).
-1
What is the value of 0 + -5 + -1 + 2?
-4
Evaluate (1 - (-1 - (-2 - 2))) + -1.
-3
What is (-4 - (0 - (10 - 4))) + -4?
-2
Calculate 5 - (0 + -2 + 2).
5
Evaluate -6 - (5 - 9) - (-1 + -2).
1
Evaluate 0 - 2 - 1 - (-10 - -10).
-3
Calculate (-7 - (2 - 3)) + 4.
-2
What is 0 + 2 + (-3 + 6 - 10)?
-5
What is the value of -4 - (-7 + -2 - (1 + -5))?
1
Evaluate 0 + -2 - (-5 + 16 + -6).
-7
What is (0 - 1) + (4 - 1)?
2
What is the value of 3 + 1 + 0 + -9?
-5
Calculate 2 + (-2 - -8) + (6 - 10).
4
Calculate 3 + (0 - 0) - 5.
-2
2 - 6 - (5 + -8)
-1
Calculate (5 + (4 - 8) - 0) + 1.
2
Calculate (-4 - (-12 + 3)) + -10.
-5
Evaluate -12 - (-5 + -2 + 0).
-5
(-213 - -216) + (0 + -4 - -1)
0
Evaluate -10 + 16 + (-6 - -8).
8
-3 - (-4 - -5) - -8
4
What is the value of 2 - 5 - (-3 - 7)?
7
What is 3 + 0 + 0 + -2?
1
What is 1 + (-1 - (0 - -4))?
-4
Calculate -3 + 2 + -1 + -1 - -5.
2
What is 1 + 8 + 9 + -15?
3
What is the value of (8 - 7) + (1 - 0) + -4?
-2
Evaluate -2 - (4 - (11 - 4)).
1
What is the value of (-1 - -4) + -1 + -7?
-5
What is the value of -14 + 1 - (33 + -43)?
-3
1 + 1 - (0 - 4)
6
Evaluate 8 + -14 + 7 + -4.
-3
4 + -11 + 2 - (9 + -6)
-8
What is the value of 8 - 14 - 3 - -9?
0
What is -10 - -3 - -6 - 1?
-2
What is the value of -6 + -1 + 1 - -7?
1
5 + 7 + (-1 - 5)
6
What is -2 + 12 + -9 + -4?
-3
What is the value of 0 - (-8 + 10 - (-4 + 0))?
-6
What is -3 - (3 - (1 + 0))?
-5
What is -5 + 0 - (-75 - -65)?
5
What is -6 + 13 + -6 + -1 + -4?
-4
Calculate -3 - (-1 - (18 + -8)).
8
What is -1 - (-1 - (0 + 4))?
4
What is the value of 3 - (9 + (-11 - -8))?
-3
What is the value of 0 - (3 - 3 - -6)?
-6
Calculate 2 - (5 + -1 - 10).
8
Evaluate 3 + (-3 - (-4 + 11)) + 2.
-5
What is the value of 6 - (-1 - 4 - (-16 + 13))?
8
Evaluate 10 + -1 - (7 + -7).
9
What is the value of (2 + 1 - 1) + 0 + -1?
1
Calculate -1 + -5 - (-14 + 2 + 7).
-1
Evaluate 5 + (-3 - (4 + (-8 - -7))).
-1
What is the value of 5 + -5 + 10 + -12?
-2
Evaluate -5 - (5 - (-2 + 11)).
-1
Calculate -8 + 9 + 2 + -3 - -3.
3
1 - 3 - (-5 + 0 - -3)
0
Evaluate -8 - (8 - (5 + 7)).
-4
-9 + 10 + -1 + (0 - -2)
2
(-2 - -9 - 6) + -2
-1
Evaluate -2 - (-1 - 0) - -5.
4
Calculate (-5 - -25) + -14 - (-1 - -2).
5
Calculate (12 - 3) + -4 + 2.
7
What is the value of 8 - 9 - (5 + (-4 - -2))?
-4
What is the value of 121 + -132 + 0 + 6?
-5
What is -7 + 4 + -8 + -2 + 6?
-7
Evaluate (-2 + 4 - -4) + (26 - 21).
11
Evaluate -2 + 3 - 6 - (41 + -40).
-6
-8 - (-4 - (-2 + 3))
-3
7 + -6 - (2 - -3)
-4
Calculate 4 + 0 + (-3 - (-4 + 2)).
3
Calculate (-5 + 4 - -3) + 0.
2
-3 + 3 - (10 - (9 - 0))
-1
(-3 - -8) + -3 + -1 + -4
-3
What is the value of 2 + 0 + -3 + 0?
-1
Calculate 3 + 1 - 1 - 6 - 0.
-3
(-2 - 2) + -5 + 0 + 4
-5
What is (3 + 4 - 4) + -1?
2
What is the value of -2 + 4 + (-5 - (2 + -8))?
3
Evaluate 0 + 1 + 4 + (-7 - 0).
-2
Evaluate (-4 - 6 - 0) + 4 + 5.
-1
What is -1 - (2 + 0 + 2)?
-5
What is (0 - 3) + -17 + 20?
0
Evaluate -4 - (5 + (-1 - -1 - 11)).
2
5 - 3 - (-5 - (-4 + 6))
9
What is the value of -6 - (3 + -8 + 